{"id":41,"date":"2015-04-07T17:49:01","date_gmt":"2015-04-07T17:49:01","guid":{"rendered":"http:\/\/easytours.gr\/fra\/?page_id=41"},"modified":"2019-04-12T18:31:29","modified_gmt":"2019-04-12T18:31:29","slug":"transfers-offres","status":"publish","type":"page","link":"https:\/\/easytours.gr\/fra\/transfers-offres\/","title":{"rendered":"OFFRES"},"content":{"rendered":"<p style=\"text-align: center;\"><strong>En hiver, nous avons m\u00eame de meilleurs prix et de plus grande envergure,. assez pour faire votre r\u00e9servation \u00e0 l&#8217;heure!<\/strong><\/p>\n<p style=\"text-align: center;\"><a href=\"https:\/\/easytours.gr\/fra\/wp-content\/uploads\/2015\/04\/1-1.jpg\" rel=\"attachment wp-att-68\"><img loading=\"lazy\" decoding=\"async\" class=\"alignnone size-full wp-image-68\" src=\"https:\/\/easytours.gr\/fra\/wp-content\/uploads\/2015\/04\/1-1.jpg\" alt=\"1\" width=\"666\" height=\"842\" srcset=\"https:\/\/easytours.gr\/fra\/wp-content\/uploads\/2015\/04\/1-1.jpg 666w, https:\/\/easytours.gr\/fra\/wp-content\/uploads\/2015\/04\/1-1-237x300.jpg 237w, https:\/\/easytours.gr\/fra\/wp-content\/uploads\/2015\/04\/1-1-300x379.jpg 300w\" sizes=\"auto, (max-width: 666px) 100vw, 666px\" \/><\/a><\/p>\n<p style=\"text-align: center;\"><a href=\"https:\/\/easytours.gr\/fra\/wp-content\/uploads\/2015\/04\/22.jpg\"><img loading=\"lazy\" decoding=\"async\" class=\"size-full wp-image-62 aligncenter\" src=\"https:\/\/easytours.gr\/fra\/wp-content\/uploads\/2015\/04\/22.jpg\" alt=\"2\" width=\"708\" height=\"653\" srcset=\"https:\/\/easytours.gr\/fra\/wp-content\/uploads\/2015\/04\/22.jpg 708w, https:\/\/easytours.gr\/fra\/wp-content\/uploads\/2015\/04\/22-300x277.jpg 300w\" sizes=\"auto, (max-width: 708px) 100vw, 708px\" \/><\/a> <a href=\"https:\/\/easytours.gr\/fra\/wp-content\/uploads\/2015\/04\/32.jpg\"><img loading=\"lazy\" decoding=\"async\" class=\"alignnone size-full wp-image-63\" src=\"https:\/\/easytours.gr\/fra\/wp-content\/uploads\/2015\/04\/32.jpg\" alt=\"3\" width=\"590\" height=\"233\" srcset=\"https:\/\/easytours.gr\/fra\/wp-content\/uploads\/2015\/04\/32.jpg 590w, https:\/\/easytours.gr\/fra\/wp-content\/uploads\/2015\/04\/32-300x118.jpg 300w\" sizes=\"auto, (max-width: 590px) 100vw, 590px\" \/><\/a><\/p>\n<p style=\"text-align: center;\"><strong>Sections inclus dans le klm et de attente tous les arr\u00eats! Billets (mus\u00e9es) est en sus.<\/strong><\/p>\n<p style=\"text-align: center;\"><a href=\"https:\/\/easytours.gr\/fra\/wp-content\/uploads\/2015\/04\/WP_20170613_19_53_28_Pro.jpg\"><img loading=\"lazy\" decoding=\"async\" class=\"alignnone size-full wp-image-122\" src=\"https:\/\/easytours.gr\/fra\/wp-content\/uploads\/2015\/04\/WP_20170613_19_53_28_Pro.jpg\" alt=\"\" width=\"700\" height=\"368\" srcset=\"https:\/\/easytours.gr\/fra\/wp-content\/uploads\/2015\/04\/WP_20170613_19_53_28_Pro.jpg 700w, https:\/\/easytours.gr\/fra\/wp-content\/uploads\/2015\/04\/WP_20170613_19_53_28_Pro-300x158.jpg 300w\" sizes=\"auto, (max-width: 700px) 100vw, 700px\" \/><\/a><\/p>\n","protected":false},"excerpt":{"rendered":"<p>EASY TOYRS BON PRIX TAXI VAN POUR TRANSPORTS 6945033278 PORT AERODROME MUSEE ARCHEOLOGUIGUE ECT VOYAGES HORS D&#8217;ATHENES<\/p>\n","protected":false},"author":1,"featured_media":0,"parent":0,"menu_order":7,"comment_status":"closed","ping_status":"closed","template":"","meta":{"_aioseo_title":"EASY TOURS BON PRIX TAXI VAN POUR TRANSPORTS ET VOYAGES","_aioseo_description":"EASY TOYRS BON PRIX TAXI VAN POUR TRANSPORTS 6945033278 PORT AERODROME MUSEE ARCHEOLOGUIGUE ECT VOYAGES HORS D'ATHENES","footnotes":""},"class_list":["post-41","page","type-page","status-publish"],"_links":{"self":[{"href":"https:\/\/easytours.gr\/fra\/wp-json\/wp\/v2\/pages\/41","targetHints":{"allow":["GET"]}}],"collection":[{"href":"https:\/\/easytours.gr\/fra\/wp-json\/wp\/v2\/pages"}],"about":[{"href":"https:\/\/easytours.gr\/fra\/wp-json\/wp\/v2\/types\/page"}],"author":[{"embeddable":true,"href":"https:\/\/easytours.gr\/fra\/wp-json\/wp\/v2\/users\/1"}],"replies":[{"embeddable":true,"href":"https:\/\/easytours.gr\/fra\/wp-json\/wp\/v2\/comments?post=41"}],"version-history":[{"count":6,"href":"https:\/\/easytours.gr\/fra\/wp-json\/wp\/v2\/pages\/41\/revisions"}],"predecessor-version":[{"id":137,"href":"https:\/\/easytours.gr\/fra\/wp-json\/wp\/v2\/pages\/41\/revisions\/137"}],"wp:attachment":[{"href":"https:\/\/easytours.gr\/fra\/wp-json\/wp\/v2\/media?parent=41"}],"curies":[{"name":"wp","href":"https:\/\/api.w.org\/{rel}","templated":true}]}}